reatest common factor of 29 and x?
29
Let b(u) = 647*u**2 - 29*u - 12. Let k(f) = -215*f**2 + 10*f + 4. Let l(d) = 4*b(d) + 11*k(d). Let s be l(-1). What is the highest common divisor of 180 and s?
45
Suppose -2*j + 748 = 3*c, 1001 = 4*c - 2*j + j. Suppose 7*o = 2*o + c. Suppose 76*n = 65*n + 220. Calculate the highest common divisor of o and n.
10
Suppose m = 2*r + 23, 35 = 18*m - 17*m - 4*r. Let y = 31 + -20. Suppose -2*t - y = -3*t. What is the greatest common divisor of t and m?
11
Suppose 6 = -5*n + 4*x + 5, -10 = -2*n - x. Suppose 2*k - 30 = -5*s, 2 = k - n*s - s. Let f = 436951 - 436881. Calculate the greatest common divisor of f and k.
10
Let j(z) = 14*z - 91. Let k(n) = n**2 + 26*n + 113. Let u be k(-21). Let d be j(u). What is the highest common factor of d and 70?
7
Let r(u) = 17*u**2 - 3*u + 26. Let w be r(6). Let x = w - 113. Let k be 2/(-4) + x/6. Calculate the greatest common divisor of k and 21.
21
Let s = 284 + -281. Suppose 1131 = 3*d + s*a, 2*d - 4*a - 377 = 383. Calculate the greatest common divisor of 28 and d.
14
Suppose 0 = 2*b - 4 - 4. Suppose 2235 - 2241 = -3*y. Suppose -5*k = -b*g + 159, 3*k - 135 = -6*g + y*g. What is the greatest common divisor of g and 9?
9
Suppose 200 = 4*t + 32. Suppose 0 = 3*k + 3*k - t. Calculate the highest common divisor of 77 and k.
7
Suppose 7*q = 4*v + 2*q - 55, 3*v + 3*q = 48. Suppose -20*x + v*x = -130. Calculate the greatest common factor of 78 and x.
26
Let w be (-31075)/(-440) + -71 + (-1257)/(-24). Let v(f) = 3*f**2 - 3*f + 3. Let k be v(-3). Calculate the greatest common divisor of k and w.
13
Let k be 420/(-24) + 1/2. Let j = 70 - 91. Let v = k - j. Calculate the greatest common factor of v and 12.
4
Suppose 6*u = -3*u - 0*u + 765. Suppose -o + 42 - 5 = 3*l, 4*o = 4*l + 132. Calculate the greatest common divisor of o and u.
17
Let c(k) = 51 - 81*k**3 - 13*k**2 + 31*k - 83*k**3 + 163*k**3. Let b be c(-15). Calculate the highest common factor of 288 and b.
36
Let b be 108/15 + -7 + (-2194)/(-5). Suppose -b = -6*m - 151. What is the greatest common factor of m and 16?
16
Let q be 2*(6 - 3)*83. Let s = 843 - 840. Suppose -63 = -s*p + 2*z + 241, 5*p = -z + q. Calculate the greatest common divisor of p and 25.
25
Let b(q) = -q**3 - 18*q**2 - 18*q - 13. Let w be b(-17). Suppose -2*o + 23 = -3*n, -w*n + 12 = -8*n. Calculate the greatest common divisor of 14 and o.
7
Suppose 164 = 4*a + q, 582*q - 156 = -4*a + 579*q. What is the highest common divisor of a and 406?
14
Let s be 5319/135 + 2/(-5). Calculate the greatest common divisor of s and 1417.
13
Suppose -3*t = 2*t + 10, -t - 122 = -h. Let x(q) = -18*q + 512. Let p be x(24). Calculate the highest common factor of h and p.
40
Let h = 3 - -1. Suppose -h*g = -0*g + 4, g = -5*b + 999. What is the greatest common divisor of b and 50?
50
Suppose a = 0, -46 = -g - 2*a + 4. Let x(p) = -19*p - 200. Let v be x(22). Let i = v - -638. Calculate the greatest common factor of g and i.
10
Let p be 1032*(6/(-4) - -2). Let r = -12952 - -12964. What is the greatest common divisor of r and p?
12
Let z(n) = 79*n + 415. Let b be z(-4). Calculate the highest common divisor of 10 and b.
1
Let n(r) = r**3 + 3*r**2 - r - 2. Let i be n(-2). Let p = 179873 - 179869. Calculate the highest common divisor of p and i.
4
Let r(y) = 21*y**2 + 212*y - 16. Let m be r(-12). What is the greatest common factor of m and 1566?
58
Suppose -4*a - 1121 = 2*j - 8529, -2*a + 3728 = 4*j. What is the greatest common divisor of a and 840?
168
Suppose 0 = 2*o - 612 - 410. Let u be -21*(1 + -3 + 55/33). Calculate the greatest common factor of u and o.
7
Suppose 167 = 4*j + 17*a, 4*j + 3*a - 73 = 164. Calculate the greatest common factor of 1239 and j.
21
Let f = -32932 + 32952. Calculate the greatest common divisor of 1500 and f.
20
Suppose 2*s + k - 27 = 0, -19 = -2*s - 4*k - 1. What is the highest common factor of 7935 and s?
15
Let n be 82/(-4)*(-2 - 0). Let f be (0/(3 - 2))/(-4). Suppose -1722 = -6*q - f*q. Calculate the highest common factor of n and q.
41
Let r(w) = -w**3 - 4*w**2 - 3*w - 5. Let u be r(-4). Let k be 18/(-4)*(6 - 10). Let h be (0 + -126)/(9/k*-4). Calculate the highest common factor of u and h.
7
Let l = 60 + 1351. Calculate the greatest common factor of l and 17.
17
Suppose 7*z - 615 = 477. Let s = 25 - -91. Let v be (-2 + s/6)*6. Calculate the greatest common divisor of v and z.
52
Let x be 11666/36 + (-53)/954. What is the greatest common divisor of x and 585?
9
Let w = 1647 - 1587. Calculate the highest common factor of 36 and w.
12
Let c(i) = 4*i**2 + 7*i - 150. Let y be c(-8). What is the greatest common factor of y and 460?
10
Let x be (-3 + 1 - 0) + 4. Suppose -x*q + 205 + 213 = 0. Let f(l) = 26*l**2 - 123*l - 16. Let u be f(5). Calculate the greatest common divisor of q and u.
19
Suppose -2*x + 76 = -41*l + 42*l, x - 10 = 3*l. Calculate the highest common divisor of x and 6749.
17
Let o = 19 + -79. Let a be 2/5 + 4/o*-474. What is the highest common factor of a and 112?
16
Let y(o) = 22*o**3 + 37*o**3 - 12*o + 13*o. Let f be y(1). Let a = -21 + 33. What is the greatest common factor of a and f?
12
Suppose 1188*y + 2909 = 1153*y + 11974. Calculate the highest common divisor of y and 481.
37
Let s(r) be the second derivative of -15*r - 7/12*r**4 - 1/10*r**5 + 5/6*r**3 + 0 + 0*r**2. Let b be s(-6). Calculate the greatest common divisor of 25 and b.
25
Let n(g) = 4*g**3 - 34*g**2 + 15*g - 133. Let d be n(16). What is the greatest common divisor of 52 and d?
13
Suppose j + 5*g = 969, 45*j - 2*g + 1970 = 47*j. What is the highest common factor of 258 and j?
43
Let o(t) = 5*t + 10. Let q be o(-1). Suppose 3*r = 5*r - 10, r = -q*a + 145. What is the highest common divisor of 7 and a?
7
Suppose -2*i = 2*b - 14, -277*i + 9*b + 21 = -274*i. Calculate the greatest common factor of 13 and i.
1
Let d(h) = h**3 + 14*h**2 + 2*h + 28. Suppose 5*u + 64 + 6 = 0. Let i be d(u). Suppose j - 6*j + 15 = i. What is the highest common divisor of 39 and j?
3
Suppose -2*i - 10 = -7*i. Let b be (3/(15/i))/((-3)/(-30)). Suppose -g - 2*p + 31 = 0, g = 4*g - b*p - 43. What is the greatest common factor of g and 105?
21
Suppose 5*m - 2*m - 48 = 0. Let s(l) = 189*l**3 + 17*l**2 - 14*l + 196*l**3 - 12 - 386*l**3. Let k be s(m). What is the greatest common factor of k and 16?
4
Let w = 2 - -5. Suppose -w = -3*n + 2, -2*n = -3*a + 18. Let b be ((-1)/2 + (-195)/(-150))*10. What is the greatest common factor of a and b?
8
Let p(b) = -2*b**2 - 9*b + 620. Let m be p(15). What is the highest common factor of 56 and m?
7
Suppose 234 = 5*i + 274. Let g be (-5)/(24/12*2/i). What is the highest common factor of 6 and g?
2
Let l be -40 - -4 - 3 - -2. Let c = -72 - l. Let b be c/(-2) + 9/6. Calculate the highest common factor of 171 and b.
19
Suppose -5*z - 5*n + 740 = 0, -3*n = -2*z - 2*z + 564. Calculate the highest common factor of 90 and z.
18
Let l(x) = -x**3 + 15*x**2 + 16*x - 2. Let p be l(16). Let f(c) = 138*c**2 + 11*c. Let t be f(p). What is the highest common divisor of t and 10?
10
Suppose -304980 = -64*r - 51*r. What is the highest common factor of 234 and r?
78
Suppose -14*w + 22 = 946. Let l = 84 + w. Suppose 5*t = -2*v - 6, -t - 14 = -4*v + 2*t. What is the greatest common divisor of l and v?
2
Let g = -9184 - -9209. What is the greatest common divisor of 10 and g?
5
Let w be (((-133)/21 - -4) + 2)*-33. What is the highest common divisor of 649 and w?
11
Let b = -354731 - -354815. Let r = 21 + -9. Calculate the highest common divisor of r and b.
12
Suppose 2*j - 3*o - 720 = 0, 5*j = -2*o + 25 + 1775. Suppose -7*v + 15*v = j. What is the highest common factor of v and 405?
45
Let r = -244 + 328. What is the highest common factor of 861 and r?
21
Let p be (-15)/6*-109*32/(-40). Let g = p + 426. Calculate the greatest common factor of g and 52.
52
Suppose -2*i + 4*g - 215 = -2089, 5*i = 2*g + 4717. Let r = -554 + i. Let m = -266 + r. What is the highest common factor of 25 and m?
25
Let l = -1926 - -1938. Let x(u) = u**3 - u**2 + 6*u - 6. Let s be x(4). What is the greatest common divisor of s and l?
6
Suppose 0 = 2*f - 5*k - 63, 3*k + 2*k = 4*f - 111. Suppose 1 + 3 = -4*p, l + 3*p - 37 = 0. Calculate the greatest common divisor of l and f.
8
Suppose -24*k + 1749 - 1132 = -2599. What